 be the first derivative of b**3/3 - b**2/2 - b - 6. Let q(x) = k(x) + 6*u(x). Give q(3).
-2
Let o(h) = -h + 2. Suppose -c = j + 26 - 8, 4*c - 36 = 2*j. Let n = j - -18. Calculate o(n).
2
Let b(q) = 2*q - 5. Let p be b(0). Let j(n) = n**2 + 2*n - 6. Calculate j(p).
9
Let y(g) = g**2 - 3*g + 1. Let q be (4 - 1) + 30/2. Let m be ((-16)/6)/((-1)/q). Let k be 1/3 + m/18. Determine y(k).
1
Let t(x) = 9*x**2 - 15. Suppose 0*v + 21 = 3*v. Let p(l) = 5*l**2 - 7. Let j(s) = v*p(s) - 4*t(s). Calculate j(0).
11
Let s(c) be the first derivative of -3 + 5*c + 1/2*c**2. Calculate s(-6).
-1
Let j(t) = -14*t**3 - 21*t**2 - 24*t - 38. Let x(a) = 6*a**3 + 9*a**2 + a - a**3 + 13 - 2*a**2 + 7*a. Let i(o) = -4*j(o) - 11*x(o). Give i(-6).
-3
Suppose -3 = -g + 1. Let q(c) be the first derivative of 2 - 3 + g*c**2 - 5*c**2 + 8*c. Give q(6).
-4
Let m(t) = 6 - 83*t**2 + 6*t - 83*t**2 + 167*t**2. Calculate m(-6).
6
Suppose -4 = 2*j + 3*v, -j - 3*v = -2*j + 7. Let t(r) = 3*r**2 + 2*r - 1. Calculate t(j).
4
Let d(k) = 14*k - 13. Let t(x) = 5*x - 5. Let i(r) = 3*d(r) - 8*t(r). Calculate i(-2).
-3
Suppose -6*z = -3*z - 18. Let x(h) = 7*h**2 + 11*h - 5. Let k(u) = 5*u**2 + 10*u - 5. Let o(j) = 4*k(j) - 3*x(j). What is o(z)?
1
Let h(i) be the second derivative of i**4/2 + i**3/6 - i**2/2 + 5*i. Let a(b) = -b + 5. Let x be a(4). Determine h(x).
6
Let y(f) = 16 - 10 + 2*f**3 - 4*f**3 - 6*f - 4*f**2 + 3*f**3. Calculate y(5).
1
Let s(x) be the third derivative of x**6/120 - x**5/15 - x**4/8 - x**3 - x**2. What is s(5)?
4
Let v be (-6 + -3)/(3/(-1)). Let b(h) = -4*h + 1. What is b(v)?
-11
Let k be (-90)/6*(-2)/(-3). Let r = -13 - k. Let j(z) = -2*z**3 - 5*z**2 - z + 2. What is j(r)?
14
Let m(r) = 0*r**2 + 0*r**2 + r**3. Suppose 5*s = -5*z + 90, -5*z + 38 = -3*z + s. Suppose 9 + 11 = -v - 5*c, 0 = -2*v - 5*c - z. Determine m(v).
0
Let w(c) = -4*c**2 + 0*c + 3*c - 5*c + 5 + c**3. Calculate w(4).
-3
Let h(s) = 2*s - 4. Let y = -7 + 7. Suppose 4*t + 4 = y, 4*f - 6 = 2*t + 16. What is h(f)?
6
Let o(j) be the first derivative of 2/3*j**3 + 0*j - 2 - 3/2*j**2 + 1/8*j**4. Let a(t) be the second derivative of o(t). Calculate a(-3).
-5
Let d(w) = w**2 - 9*w + 1. Let b be -9*(-4 - (-8 - -5)). What is d(b)?
1
Let s(z) be the third derivative of z**4/8 - z**2. Let v be (-1)/15*3*5. Calculate s(v).
-3
Let n(b) = -b**2 - 7*b - 2. Let m be (-26)/(-8) - (-2)/(-8). Suppose 6 - m = -f. Give n(f).
10
Let p(l) be the second derivative of -l**3/3 + 3*l**2 + 3*l. Determine p(6).
-6
Let v(q) = q**2 + 2*q - 4. Let l = 9 - 13. What is v(l)?
4
Let r(w) = w**2 - w. Let q = 5 - 3. Let k(b) = 3*b**2 + b + 6. Let l(n) = q*r(n) - k(n). What is l(-4)?
-10
Let k(l) be the first derivative of -l**3/3 + 4*l**2 - 4*l - 14. What is k(7)?
3
Let r(n) = 2*n + 3 + 1 + 0*n. Let b be 1*(9 + -4 + -2). What is r(b)?
10
Let j(q) be the first derivative of -q**4/4 - 5*q**3/3 + 3*q**2 - 18. Determine j(-6).
0
Let z(l) = 12*l + 6. Let s(n) = -n - 1. Let t(r) = -5*s(r) - z(r). Let j(b) = 2*b + 9. Let k be j(-5). Determine t(k).
6
Let q(t) = t**3 - 8*t**2 + 7*t + 1. Let y be q(7). Let o(f) be the first derivative of -1/2*f**2 - y + f. Give o(-4).
5
Let h(r) = 9*r**3 - 2*r**2 - r. Suppose w + 4*w = 0. Let q = -1 - w. What is h(q)?
-10
Suppose 0 = -3*r - 0*r + 48. Let d be (36/24)/((-6)/r). Let w(j) be the first derivative of -j**4/4 - j**3 + 5*j**2/2 - 2*j + 1. Give w(d).
-6
Let a(x) = -x**3 + 2*x + 1. Let q(r) = -r**2 - 6*r - 4. Let i be q(-4). Suppose 4*w = 0, -3*l + i*w - 45 = 2*l. Let p be (2/(-3))/((-6)/l). Determine a(p).
0
Let y = -66 + 69. Let z(u) = -2*u + 5*u - 2*u. What is z(y)?
3
Let p(n) = 2*n + 10. Let u(a) = -5*a - 21. Let h(m) = 5*p(m) + 3*u(m). Let x(q) = -6*q - 14. Let f(v) = -7*h(v) + 6*x(v). Give f(-5).
12
Let n(g) = g**3 - 3*g**2 + 4*g. Let m(q) be the third derivative of -q**6/60 + q**5/12 - 7*q**4/24 + 5*q**2. Let k(b) = -4*m(b) - 7*n(b). Calculate k(-1).
0
Let a = 162 - 165. Let j(u) = u**3 + 4*u**2 - u - 4. Calculate j(a).
8
Let s(o) = -2*o. Let b(j) = j**3 + 5*j**2 + 4*j - 4. Let k be b(-4). Let m be k/18 - 87/(-27). Give s(m).
-6
Let f(h) be the third derivative of -h**4/12 + h**3/2 - h**2. Suppose 8*b = 6*b + 10. Determine f(b).
-7
Let c(p) = p**3 - 9*p**2 + 9*p. Let m be c(8). Let d(j) = -1 + m*j - 1 - 5*j. Calculate d(2).
4
Let v(k) = -k**3 - 6*k**2 - 5*k + 6. Let l(f) = -f**3 - 5*f**2 - 4*f + 5. Let h(q) = 5*l(q) - 4*v(q). Suppose -8 = 5*t - 3*d, -4*t - 5*d = 2 - 3. What is h(t)?
1
Let z(p) = p**3 + 3*p**2 - 4*p + 2. Let d be z(-4). Let s(g) = -6*g**d - 3 + 0*g**2 + 2*g + 2 + g**2. Give s(1).
-4
Let c(j) = -j**2 + j + 1. Let o(y) = y**3 + 11*y**2 + 1. Let g(w) = 5*c(w) + o(w). Let p = 6 - 3. Suppose 2 = -u - p. Determine g(u).
6
Suppose 4*s + 3*n + 32 = 0, -3*s = -2*s + 5*n + 25. Let g(i) = i - 2. Calculate g(s).
-7
Let h(z) = -2*z - 1. Let f be h(-2). Let s(u) = -1 - 2*u**2 - f*u + 9*u**2 + 4*u. Let a(m) = -m + 7. Let w be a(6). What is s(w)?
7
Let v(a) be the first derivative of a**7/840 + a**6/72 + a**5/20 + a**4/8 + 2*a**3 + 8. Let f(w) be the third derivative of v(w). Determine f(-4).
-5
Let j(v) = 6 + 0*v**3 - 51*v**2 + 54*v**2 + 4*v - 1 - v**3. Give j(4).
5
Let a(u) = u**2 + 2*u + 3. Let d be a(-2). Let y be (-1)/d*(6 - 18). Suppose 0 = y*r + 16. Let k(q) = q**3 + 4*q**2 - 2. Calculate k(r).
-2
Let i(u) = u - 2. Let t = -1 - 0. Let a be -8*(t - 6/(-4)). Determine i(a).
-6
Let x(t) = -t - 9. Let h(f) = 3*f + 4. Let l be h(-9). Let j = -28 - l. Calculate x(j).
-4
Let u(g) = 3*g**3 + 5*g**2 + 17*g - 5. Let h(t) = 2*t**3 + 2*t**2 + 9*t - 2. Let a(z) = -5*h(z) + 3*u(z). Determine a(6).
-5
Let t(k) = 127*k**2 + 0*k + 6*k - 2*k + 4 - 128*k**2. Give t(4).
4
Let j(w) = -24*w**3 - w**2 + 1. Let d(m) = m**2 + m - 1. Let y be d(1). What is j(y)?
-24
Let h be ((-4)/(-6))/((-5)/(-165)). Suppose 4*n = -5*i - 3 - 10, -h = 2*i - 4*n. Let r(p) = -5*p + p**2 - p**3 - p**2 - 6*p**2 - 5. Give r(i).
-5
Let b(y) = y**3 - 5*y**2 + y. Let h be b(2). Let s(l) = l + 10. What is s(h)?
0
Let f(a) = -9*a - 67. Let p be f(-8). Let u(t) = -4*t + 2. Calculate u(p).
-18
Let b be (-7)/2*(-48)/28. Let k(v) = -3*v - 5. Determine k(b).
-23
Let m(d) = -2*d + 17. Let f be m(8). Let v(n) = -22*n**2 + n. What is v(f)?
-21
Let v be (1 - -1)*(-4)/(-8). Let k be (1 + v)*12/(-8). Let c(f) = -f + 3. Determine c(k).
6
Let y(u) = 0*u - 7*u**2 - 7*u + 4*u + 2. Let l(x) = -6*x**2 - 2*x + 1. Let i(h) = -6*l(h) + 5*y(h). What is i(4)?
8
Let d(c) = -c - 3. Let l = 37 + -32. Determine d(l).
-8
Let x(f) be the second derivative of -f**4/24 + f**3/3 - 7*f**2/2 + 3*f. Let g(n) be the first derivative of x(n). Give g(7).
-5
Let l(b) = -b**2 + b + 7. Suppose -9 - 11 = -5*q. Let a be 3/6 + (-2)/q. Give l(a).
7
Let f(n) = -n - 5. Suppose -3*z = -2*z + 2. Let m = z + 4. Suppose m*k - 4*g + 12 = 0, 5*k = g - 3 - 0. Give f(k).
-5
Let b = -49 + 54. Let v(c) = -c + 4. What is v(b)?
-1
Suppose 5*d = 3*d - 6. Let x(b) = -b**3 - 2*b**2 + 3*b - 1. Give x(d).
-1
Let r(k) be the third derivative of -k**4/24 + k**3/6 - 10*k**2. Suppose -2*q = -5*q - 15. Calculate r(q).
6
Let b(p) = -4*p**2 - 2*p + 5*p**2 + p. Let x = -2 + 2. Calculate b(x).
0
Suppose -2*c - 4*u + 16 = -2*u, -2*c + 11 = u. Let y(j) = 35*j**2 - c*j**3 - 39*j**2 + 2*j**3. What is y(-4)?
0
Let y(v) = -v**2 + 8*v - 6. Let g = 13 - 7. Let n(i) = 2*i - 2 + i**2 - 6*i - 5. Let f be n(g). Calculate y(f).
9
Let f(i) = -9*i**2 - 17*i - 12. Let n(k) = 4*k**2 + 8*k + 6. Let q = -15 - -7. Let x = -15 - q. Let o(s) = x*n(s) - 3*f(s). Give o(-5).
-6
Let u(o) = 3*o**2 + 2*o + 1. Suppose -3*n - 6 = 3. Let d(r) = 6*r + 22. Let p(g) = -2*g - 7. Let h(k) = -3*d(k) - 10*p(k). Let t be h(n). Calculate u(t).
9
Let n(d) = d - 5. Let a(t) = -t + 4. Let l(o) = -5*a(o) - 4*n(o). Let x be l(2). Let h(v) = -x - 4*v + v**2 + v + v. Calculate h(-2).
6
Suppose 1 = 2*b - 11. Let u(o) = 4*o + 32. Let i(p) = 3*p + 21. Let r(f) = 7*i(f) - 5*u(f). Calculate r(b).
-7
Let j(b) be the second derivative of 1/20*b**5 + 5/6*b**3 + 0 + 2*b - 3/2*b**2 - 5/12*b**4. Calculate j(3).
-6
Let s(g) = -g**3 - 3*g**2 - 2*g + 1. Let u(j) = j**3 + 9*j**2 + 7*j - 4. Let h be u(-8). Suppose 0 = 5*r - 15, 4*q - 2 = -2*r - h. Determine s(q).
1
Suppose -4 = -2*p - 2*p. Let b(t) = -4*t**3 + 2*t**2 - t. Give b(p).
-3
Let k(g) = -7*g**2 + 4*g - 1. Let f(q) = q